{"id":117,"date":"2017-11-06T13:21:08","date_gmt":"2017-11-06T12:21:08","guid":{"rendered":"https:\/\/www.gruender.de\/demo\/business-fix-fertig\/hundetrainer\/?page_id=117"},"modified":"2020-05-10T23:15:24","modified_gmt":"2020-05-10T21:15:24","slug":"hund-erziehen","status":"publish","type":"page","link":"https:\/\/hund-trainieren.net\/?page_id=117","title":{"rendered":"Hund erziehen"},"content":{"rendered":"<p>[et_pb_section fb_built=&#8220;1&#8243; fullwidth=&#8220;on&#8220; _builder_version=&#8220;3.22&#8243;][et_pb_fullwidth_header title=&#8220;Hund erziehen \u2013 essentiell f\u00fcr ein harmonisches Zusammenleben &#8220; header_scroll_down=&#8220;on&#8220; scroll_down_icon=&#8220;%%8%%&#8220; scroll_down_icon_color=&#8220;#636363&#8243; background_overlay_color=&#8220;rgba(22,22,22,0.31)&#8220; _builder_version=&#8220;4.1&#8243; title_font_size=&#8220;38px&#8220; background_color=&#8220;rgba(255, 255, 255, 0)&#8220; background_image=&#8220;https:\/\/hund-trainieren.net\/wp-content\/uploads\/2019\/11\/Depositphotos_52015813_xl-2015.jpg&#8220; custom_padding=&#8220;200px||200px|&#8220; title_text_shadow_style=&#8220;preset5&#8243; title_text_shadow_horizontal_length=&#8220;0.05em&#8220; title_text_shadow_vertical_length=&#8220;0.05em&#8220; title_text_shadow_color=&#8220;rgba(255,255,255,0.4)&#8220; button_one_text_size__hover_enabled=&#8220;off&#8220; button_two_text_size__hover_enabled=&#8220;off&#8220; button_one_text_color__hover_enabled=&#8220;off&#8220; button_two_text_color__hover_enabled=&#8220;off&#8220; button_one_border_width__hover_enabled=&#8220;off&#8220; button_two_border_width__hover_enabled=&#8220;off&#8220; button_one_border_color__hover_enabled=&#8220;off&#8220; button_two_border_color__hover_enabled=&#8220;off&#8220; button_one_border_radius__hover_enabled=&#8220;off&#8220; button_two_border_radius__hover_enabled=&#8220;off&#8220; button_one_letter_spacing__hover_enabled=&#8220;off&#8220; button_two_letter_spacing__hover_enabled=&#8220;off&#8220; button_one_bg_color__hover_enabled=&#8220;off&#8220; button_two_bg_color__hover_enabled=&#8220;off&#8220;][\/et_pb_fullwidth_header][\/et_pb_section][et_pb_section fb_built=&#8220;1&#8243; _builder_version=&#8220;3.22&#8243;][et_pb_row _builder_version=&#8220;3.25&#8243;][et_pb_column type=&#8220;4_4&#8243; _builder_version=&#8220;3.25&#8243; custom_padding=&#8220;|||&#8220; custom_padding__hover=&#8220;|||&#8220;][et_pb_text _builder_version=&#8220;3.27.4&#8243;]<b> Der beste Freund des Menschen ist bekanntlich der Hund. Er geht mit ihm durch dick und d\u00fcnn, ist ein Freund und f\u00fcr viele Menschen mehr als nur ein Tier \u2013 sondern eher ein Begleiter. Doch ein Hund braucht Zeit und Pflege. Man muss ihn erziehen, um ihn kontrollieren zu k\u00f6nnen. Er sollte stubenrein sein und er sollte auf Kommandos h\u00f6ren, sodass man auch ohne Sorgen zu haben, mit ihm rausgehen kann. Eine gute Erziehung ist also die Basis f\u00fcr ein sch\u00f6nes Zusammensein! <\/b><br \/>\n[\/et_pb_text][\/et_pb_column][\/et_pb_row][et_pb_row _builder_version=&#8220;3.25&#8243;][et_pb_column type=&#8220;4_4&#8243; _builder_version=&#8220;3.25&#8243; custom_padding=&#8220;|||&#8220; custom_padding__hover=&#8220;|||&#8220;][et_pb_text _builder_version=&#8220;3.27.4&#8243;]<\/p>\n<h2>Schwere Fehler in der Erziehung<\/h2>\n<p>Im Prinzip wird ein Hund einmal so wirklich erzogen und das oft von einer professionellen Hundeschule, die wei\u00df, wie sie es zu tun hat, sodass am Ende das beste m\u00f6gliche Ergebnis erzielt werden kann. Nun h\u00e4ngt es aber auch am Besitzer diese Erziehung so zu \u00fcbernehmen, sodass der Hund sich weiterhin an die Kommandos h\u00e4lt.<\/p>\n<p>[\/et_pb_text][\/et_pb_column][\/et_pb_row][et_pb_row column_structure=&#8220;1_2,1_2&#8243; _builder_version=&#8220;3.25&#8243;][et_pb_column type=&#8220;1_2&#8243; _builder_version=&#8220;3.25&#8243; custom_padding=&#8220;|||&#8220; custom_padding__hover=&#8220;|||&#8220;][et_pb_text _builder_version=&#8220;3.27.4&#8243;]<\/p>\n<h3>Fehler Nummer eins: Widerspr\u00fcchliche Signale<\/h3>\n<p>Der Hund nimmt durchaus deine Gestik und Mimik wahr \u2013 besonders dann, wenn du ein Kommando gegeben hast. Wenn du beispielsweise willst, dass dein Hund zu dir kommt und du das auch verbalisiert, aber gleichzeitig bedrohlich und w\u00fctend aussiehst, dann brauchst du dich nicht wundern, dass der Hund das sp\u00fcrt und aus Angst eher deine N\u00e4he meidet.<\/p>\n<p>[\/et_pb_text][et_pb_text _builder_version=&#8220;3.27.4&#8243;]<\/p>\n<h3>Fehler Nummer zwei: Kein oder zu sp\u00e4tes Lob<\/h3>\n<p>Essentiell bei der Erziehung ist das Lob. Der Hund m\u00f6chte auch gelobt werden, wenn er etwas richtig gemacht hat. Deshalb ist es wichtig, dass du immer daran denkst den Hund unmittelbar zu loben und sein richtiges Verhalten unter Umst\u00e4nden auch mit einem Leckerli zu belohnen.<\/p>\n<p>[\/et_pb_text][\/et_pb_column][et_pb_column type=&#8220;1_2&#8243; _builder_version=&#8220;3.25&#8243; custom_padding=&#8220;|||&#8220; custom_padding__hover=&#8220;|||&#8220;][et_pb_image src=&#8220;https:\/\/hund-trainieren.net\/wp-content\/uploads\/2019\/11\/Depositphotos_2961654_xl-2015.jpg&#8220; align_tablet=&#8220;center&#8220; align_phone=&#8220;&#8220; align_last_edited=&#8220;on|desktop&#8220; _builder_version=&#8220;4.1&#8243;][\/et_pb_image][\/et_pb_column][\/et_pb_row][et_pb_row column_structure=&#8220;1_2,1_2&#8243; _builder_version=&#8220;3.25&#8243; use_background_color_gradient=&#8220;on&#8220; background_color_gradient_start=&#8220;#0c71c3&#8243; background_color_gradient_end=&#8220;#0c71c3&#8243; custom_padding=&#8220;20px|20px|20px|20px&#8220;][et_pb_column type=&#8220;1_2&#8243; _builder_version=&#8220;3.25&#8243; custom_padding=&#8220;|||&#8220; custom_padding__hover=&#8220;|||&#8220;][et_pb_text _builder_version=&#8220;3.27.4&#8243; background_layout=&#8220;dark&#8220;]<\/p>\n<h2>Jetzt zum Hundeexperten werden<\/h2>\n<p>Schon mehr als\u00a0<b>10.000 Hundefreunde<\/b>\u00a0sind dabei, jetzt auch dabei sein!<br \/>\nIm Paket befinden sich:<\/p>\n<ul>\n<li>12 Wochen Trainingsprogramm zur Hundeerziehung<\/li>\n<li>15 Module zur Hundeerziehung<\/li>\n<li>\u00dcber 50 Schritt f\u00fcr Schritt Videos<\/li>\n<li>Alle Erweiterungen kostenlos dabei!<\/li>\n<\/ul>\n<p>[\/et_pb_text][et_pb_button button_url=&#8220;http:\/\/hund-trainieren.net\/jetzt-anmelden\/&#8220; button_text=&#8220;Mehr erfahren&#8220; _builder_version=&#8220;3.16&#8243; background_layout=&#8220;dark&#8220; button_text_size__hover_enabled=&#8220;off&#8220; button_one_text_size__hover_enabled=&#8220;off&#8220; button_two_text_size__hover_enabled=&#8220;off&#8220; button_text_color__hover_enabled=&#8220;off&#8220; button_one_text_color__hover_enabled=&#8220;off&#8220; button_two_text_color__hover_enabled=&#8220;off&#8220; button_border_width__hover_enabled=&#8220;off&#8220; button_one_border_width__hover_enabled=&#8220;off&#8220; button_two_border_width__hover_enabled=&#8220;off&#8220; button_border_color__hover_enabled=&#8220;off&#8220; button_one_border_color__hover_enabled=&#8220;off&#8220; button_two_border_color__hover_enabled=&#8220;off&#8220; button_border_radius__hover_enabled=&#8220;off&#8220; button_one_border_radius__hover_enabled=&#8220;off&#8220; button_two_border_radius__hover_enabled=&#8220;off&#8220; button_letter_spacing__hover_enabled=&#8220;off&#8220; button_one_letter_spacing__hover_enabled=&#8220;off&#8220; button_two_letter_spacing__hover_enabled=&#8220;off&#8220; button_bg_color__hover_enabled=&#8220;off&#8220; button_one_bg_color__hover_enabled=&#8220;off&#8220; button_two_bg_color__hover_enabled=&#8220;off&#8220;][\/et_pb_button][\/et_pb_column][et_pb_column type=&#8220;1_2&#8243; _builder_version=&#8220;3.25&#8243; custom_padding=&#8220;|||&#8220; custom_padding__hover=&#8220;|||&#8220;][et_pb_image src=&#8220;http:\/\/hund-trainieren.net\/wp-content\/uploads\/2018\/01\/cover-3d.jpg&#8220; align_tablet=&#8220;center&#8220; align_phone=&#8220;&#8220; align_last_edited=&#8220;on|desktop&#8220; _builder_version=&#8220;3.23&#8243;][\/et_pb_image][\/et_pb_column][\/et_pb_row][et_pb_row _builder_version=&#8220;3.25&#8243;][et_pb_column type=&#8220;4_4&#8243; _builder_version=&#8220;3.25&#8243; custom_padding=&#8220;|||&#8220; custom_padding__hover=&#8220;|||&#8220;][et_pb_text _builder_version=&#8220;3.27.4&#8243;]<\/p>\n<h3>Fehler Nummer drei: Zu h\u00e4ufige Kommandos<\/h3>\n<p>Der Hund sollte auf dein Kommando schon bei einmaliger Aussprache h\u00f6ren. Wenn er das nicht tut, dann ist auch meist das wiederholte Rufen zwecklos und untergr\u00e4bt nur weiter die Autorit\u00e4t. Der Hund ist nicht schwerh\u00f6rig und muss lernen, dass dein Kommando das Einzige ist, was zu gelten hat. Au\u00dferdem k\u00f6nnte er so die schlechte Angewohnheit \u00fcbernehmen, dass er glaubt, ein Kommando sei nur so lange einzuhalten, wie es auch zu h\u00f6ren ist \u2013 das w\u00e4re fatal.<\/p>\n<p>[\/et_pb_text][\/et_pb_column][\/et_pb_row][et_pb_row _builder_version=&#8220;3.25&#8243;][et_pb_column type=&#8220;4_4&#8243; _builder_version=&#8220;3.25&#8243; custom_padding=&#8220;|||&#8220; custom_padding__hover=&#8220;|||&#8220;][et_pb_text _builder_version=&#8220;3.27.4&#8243;]<\/p>\n<h2>Besonders wichtige Kommandos<\/h2>\n<p>Es gibt spezielle Kommandos, die nur in bestimmten Situationen notwendig sind, aber auch solche, die man immer wieder im Alltag gebrauchen kann, um die Kontrolle \u00fcber seinen Hund zu behalten \u2013 im besten Falle auch dann, wenn es vielleicht brenzlig wird.<\/p>\n<p>[\/et_pb_text][\/et_pb_column][\/et_pb_row][et_pb_row column_structure=&#8220;1_2,1_2&#8243; _builder_version=&#8220;3.25&#8243;][et_pb_column type=&#8220;1_2&#8243; _builder_version=&#8220;3.25&#8243; custom_padding=&#8220;|||&#8220; custom_padding__hover=&#8220;|||&#8220;][et_pb_text _builder_version=&#8220;3.27.4&#8243;]<\/p>\n<h3>Sitz!<\/h3>\n<p>Der Hund sollte sich dann hinsetzen und das, was er davor gemacht hat, unterbrechen. Es sollte den Hund ruhig werden lassen, wobei seine Aufmerksamkeit auf dir liegen sollte.<\/p>\n<p>[\/et_pb_text][et_pb_text _builder_version=&#8220;3.27.4&#8243;]<\/p>\n<h3>Platz!<\/h3>\n<p>Das Kommando \u201ePlatz!\u201c geht sogar noch eine Stufe weiter. Hier soll der Hund nicht etwa sitzen, sondern sich hinlegen. Dieses Kommando bietet sich an, wenn der Hund nicht weiter auf ein Kommando warten soll.<\/p>\n<p>[\/et_pb_text][et_pb_text _builder_version=&#8220;3.27.4&#8243;]<\/p>\n<h3>Komm!<\/h3>\n<p>Das Kommando \u201eKomm\u201c ist besonders beim Spazieren gehen wichtig, wenn man m\u00f6chte, dass der Hund beispielsweise aufh\u00f6rt das Erdloch zu durchw\u00fchlen und stattdessen wieder zu dir kommt. Hier ist ein Lob bei Einhaltung des Kommandos besonders wichtig.<\/p>\n<p>[\/et_pb_text][\/et_pb_column][et_pb_column type=&#8220;1_2&#8243; _builder_version=&#8220;3.25&#8243; custom_padding=&#8220;|||&#8220; custom_padding__hover=&#8220;|||&#8220;][et_pb_image src=&#8220;https:\/\/hund-trainieren.net\/wp-content\/uploads\/2019\/11\/Depositphotos_2768245_xl-2015.jpg&#8220; align_tablet=&#8220;center&#8220; align_phone=&#8220;&#8220; align_last_edited=&#8220;on|desktop&#8220; _builder_version=&#8220;4.1&#8243;][\/et_pb_image][\/et_pb_column][\/et_pb_row][\/et_pb_section]<\/p>\n","protected":false},"excerpt":{"rendered":"<p>Der beste Freund des Menschen ist bekanntlich der Hund. Er geht mit ihm durch dick und d\u00fcnn, ist ein Freund und f\u00fcr viele Menschen mehr als nur ein Tier \u2013 sondern eher ein Begleiter. Doch ein Hund braucht Zeit und Pflege. Man muss ihn erziehen, um ihn kontrollieren zu k\u00f6nnen. Er sollte stubenrein sein und [&hellip;]<\/p>\n","protected":false},"author":2,"featured_media":0,"parent":0,"menu_order":0,"comment_status":"closed","ping_status":"closed","template":"","meta":{"_et_pb_use_builder":"on","_et_pb_old_content":"","_et_gb_content_width":"","footnotes":""},"class_list":["post-117","page","type-page","status-publish","hentry"],"yoast_head":"<!-- This site is optimized with the Yoast SEO plugin v27.5 - https:\/\/yoast.com\/product\/yoast-seo-wordpress\/ -->\n<title>Hund erziehen - Hund-Trainieren.net<\/title>\n<meta name=\"description\" content=\"Den Hund erziehen kann oftmals ein stressiges und kompliziertes Thema sein, nicht aber mit unseren Tipps und Tricks. \u2713 Jetzt hier klicken \u2713 Mehr \u00fcber das Thema erfahren!\" \/>\n<meta name=\"robots\" content=\"index, follow, max-snippet:-1, max-image-preview:large, max-video-preview:-1\" \/>\n<link rel=\"canonical\" href=\"https:\/\/hund-trainieren.net\/?page_id=117\" \/>\n<meta property=\"og:locale\" content=\"de_DE\" \/>\n<meta property=\"og:type\" content=\"article\" \/>\n<meta property=\"og:title\" content=\"Hund erziehen - Hund-Trainieren.net\" \/>\n<meta property=\"og:description\" content=\"Den Hund erziehen kann oftmals ein stressiges und kompliziertes Thema sein, nicht aber mit unseren Tipps und Tricks. \u2713 Jetzt hier klicken \u2713 Mehr \u00fcber das Thema erfahren!\" \/>\n<meta property=\"og:url\" content=\"https:\/\/hund-trainieren.net\/?page_id=117\" \/>\n<meta property=\"og:site_name\" content=\"Hund-Trainieren.net\" \/>\n<meta property=\"article:modified_time\" content=\"2020-05-10T21:15:24+00:00\" \/>\n<meta name=\"twitter:card\" content=\"summary_large_image\" \/>\n<meta name=\"twitter:label1\" content=\"Gesch\u00e4tzte Lesezeit\" \/>\n\t<meta name=\"twitter:data1\" content=\"6\u00a0Minuten\" \/>\n<script type=\"application\/ld+json\" class=\"yoast-schema-graph\">{\"@context\":\"https:\\\/\\\/schema.org\",\"@graph\":[{\"@type\":\"WebPage\",\"@id\":\"https:\\\/\\\/hund-trainieren.net\\\/?page_id=117\",\"url\":\"https:\\\/\\\/hund-trainieren.net\\\/?page_id=117\",\"name\":\"Hund erziehen - Hund-Trainieren.net\",\"isPartOf\":{\"@id\":\"https:\\\/\\\/hund-trainieren.net\\\/#website\"},\"datePublished\":\"2017-11-06T12:21:08+00:00\",\"dateModified\":\"2020-05-10T21:15:24+00:00\",\"description\":\"Den Hund erziehen kann oftmals ein stressiges und kompliziertes Thema sein, nicht aber mit unseren Tipps und Tricks. \u2713 Jetzt hier klicken \u2713 Mehr \u00fcber das Thema erfahren!\",\"breadcrumb\":{\"@id\":\"https:\\\/\\\/hund-trainieren.net\\\/?page_id=117#breadcrumb\"},\"inLanguage\":\"de\",\"potentialAction\":[{\"@type\":\"ReadAction\",\"target\":[\"https:\\\/\\\/hund-trainieren.net\\\/?page_id=117\"]}]},{\"@type\":\"BreadcrumbList\",\"@id\":\"https:\\\/\\\/hund-trainieren.net\\\/?page_id=117#breadcrumb\",\"itemListElement\":[{\"@type\":\"ListItem\",\"position\":1,\"name\":\"Startseite\",\"item\":\"https:\\\/\\\/hund-trainieren.net\\\/\"},{\"@type\":\"ListItem\",\"position\":2,\"name\":\"Hund erziehen\"}]},{\"@type\":\"WebSite\",\"@id\":\"https:\\\/\\\/hund-trainieren.net\\\/#website\",\"url\":\"https:\\\/\\\/hund-trainieren.net\\\/\",\"name\":\"Hund-Trainieren.net\",\"description\":\"Dein Weg zum gehorsamen Hund\",\"potentialAction\":[{\"@type\":\"SearchAction\",\"target\":{\"@type\":\"EntryPoint\",\"urlTemplate\":\"https:\\\/\\\/hund-trainieren.net\\\/?s={search_term_string}\"},\"query-input\":{\"@type\":\"PropertyValueSpecification\",\"valueRequired\":true,\"valueName\":\"search_term_string\"}}],\"inLanguage\":\"de\"}]}<\/script>\n<!-- \/ Yoast SEO plugin. -->","yoast_head_json":{"title":"Hund erziehen - Hund-Trainieren.net","description":"Den Hund erziehen kann oftmals ein stressiges und kompliziertes Thema sein, nicht aber mit unseren Tipps und Tricks. \u2713 Jetzt hier klicken \u2713 Mehr \u00fcber das Thema erfahren!","robots":{"index":"index","follow":"follow","max-snippet":"max-snippet:-1","max-image-preview":"max-image-preview:large","max-video-preview":"max-video-preview:-1"},"canonical":"https:\/\/hund-trainieren.net\/?page_id=117","og_locale":"de_DE","og_type":"article","og_title":"Hund erziehen - Hund-Trainieren.net","og_description":"Den Hund erziehen kann oftmals ein stressiges und kompliziertes Thema sein, nicht aber mit unseren Tipps und Tricks. \u2713 Jetzt hier klicken \u2713 Mehr \u00fcber das Thema erfahren!","og_url":"https:\/\/hund-trainieren.net\/?page_id=117","og_site_name":"Hund-Trainieren.net","article_modified_time":"2020-05-10T21:15:24+00:00","twitter_card":"summary_large_image","twitter_misc":{"Gesch\u00e4tzte Lesezeit":"6\u00a0Minuten"},"schema":{"@context":"https:\/\/schema.org","@graph":[{"@type":"WebPage","@id":"https:\/\/hund-trainieren.net\/?page_id=117","url":"https:\/\/hund-trainieren.net\/?page_id=117","name":"Hund erziehen - Hund-Trainieren.net","isPartOf":{"@id":"https:\/\/hund-trainieren.net\/#website"},"datePublished":"2017-11-06T12:21:08+00:00","dateModified":"2020-05-10T21:15:24+00:00","description":"Den Hund erziehen kann oftmals ein stressiges und kompliziertes Thema sein, nicht aber mit unseren Tipps und Tricks. \u2713 Jetzt hier klicken \u2713 Mehr \u00fcber das Thema erfahren!","breadcrumb":{"@id":"https:\/\/hund-trainieren.net\/?page_id=117#breadcrumb"},"inLanguage":"de","potentialAction":[{"@type":"ReadAction","target":["https:\/\/hund-trainieren.net\/?page_id=117"]}]},{"@type":"BreadcrumbList","@id":"https:\/\/hund-trainieren.net\/?page_id=117#breadcrumb","itemListElement":[{"@type":"ListItem","position":1,"name":"Startseite","item":"https:\/\/hund-trainieren.net\/"},{"@type":"ListItem","position":2,"name":"Hund erziehen"}]},{"@type":"WebSite","@id":"https:\/\/hund-trainieren.net\/#website","url":"https:\/\/hund-trainieren.net\/","name":"Hund-Trainieren.net","description":"Dein Weg zum gehorsamen Hund","potentialAction":[{"@type":"SearchAction","target":{"@type":"EntryPoint","urlTemplate":"https:\/\/hund-trainieren.net\/?s={search_term_string}"},"query-input":{"@type":"PropertyValueSpecification","valueRequired":true,"valueName":"search_term_string"}}],"inLanguage":"de"}]}},"_links":{"self":[{"href":"https:\/\/hund-trainieren.net\/index.php?rest_route=\/wp\/v2\/pages\/117","targetHints":{"allow":["GET"]}}],"collection":[{"href":"https:\/\/hund-trainieren.net\/index.php?rest_route=\/wp\/v2\/pages"}],"about":[{"href":"https:\/\/hund-trainieren.net\/index.php?rest_route=\/wp\/v2\/types\/page"}],"author":[{"embeddable":true,"href":"https:\/\/hund-trainieren.net\/index.php?rest_route=\/wp\/v2\/users\/2"}],"replies":[{"embeddable":true,"href":"https:\/\/hund-trainieren.net\/index.php?rest_route=%2Fwp%2Fv2%2Fcomments&post=117"}],"version-history":[{"count":4,"href":"https:\/\/hund-trainieren.net\/index.php?rest_route=\/wp\/v2\/pages\/117\/revisions"}],"predecessor-version":[{"id":549,"href":"https:\/\/hund-trainieren.net\/index.php?rest_route=\/wp\/v2\/pages\/117\/revisions\/549"}],"wp:attachment":[{"href":"https:\/\/hund-trainieren.net\/index.php?rest_route=%2Fwp%2Fv2%2Fmedia&parent=117"}],"curies":[{"name":"wp","href":"https:\/\/api.w.org\/{rel}","templated":true}]}}